digit of j?
6
Suppose 5 = -d - 0. Let g(v) = -170*v - 285. Let o(y) = -19*y - 32. Let h(z) = 4*g(z) - 35*o(z). What is the units digit of h(d)?
5
Let l(s) = s**3 + 14*s**2 + 28*s - 8. What is the hundreds digit of l(-7)?
1
Suppose 5*f + 3*k = 15156, -3*f + 12345 - 3261 = 5*k. What is the tens digit of f?
3
Let a(q) = -q**3 - 7*q**2 - 14*q - 34. What is the units digit of a(-7)?
4
Let l = -8 + 4. Let i be (920/(-2))/l + 1. Suppose i = -2*w + 6*w. What is the tens digit of w?
2
What is the tens digit of (-5)/(-140)*12 + (-40227)/(-21)?
1
Let i(d) = d - 14. Let g(h) = -h**3 + 3*h**2 + 6*h - 1. Let t be g(4). Let x(w) = 2*w - 42. Let v(p) = t*i(p) - 2*x(p). What is the tens digit of v(10)?
1
Let h = -182 + 113. Let p = h + 309. What is the tens digit of p?
4
Suppose -3408 - 3216 = -4*p. What is the tens digit of p?
5
What is the hundreds digit of 84960/(-45)*(-2)/4?
9
Let x(q) be the first derivative of 9*q**2/2 + 7*q - 14. What is the tens digit of x(5)?
5
Suppose -14*a + 14978 = -3544. What is the tens digit of a?
2
Let t = 35 - 19. Let b be 8/t*(-5 - 1). What is the tens digit of -8*6/9*b?
1
Suppose 14*h - 9114 = 8*h. What is the units digit of h?
9
Suppose -5*f = -1538 + 178. What is the hundreds digit of f?
2
Suppose 51*z = 274114 - 28192. What is the tens digit of z?
2
Let p(y) = -1360*y + 7. What is the thousands digit of p(-1)?
1
Let s(q) = -30*q**2 + q + 1 + 0 - 2. Let w be s(1). What is the units digit of (w/4 - -4)*-2?
7
Let s(k) = 12 - 2 - 18*k + 3*k**2 + 10*k. What is the tens digit of s(4)?
2
Let h(m) = 61*m**3 + 4*m**2 - 4*m + 2. Let c(d) = 60*d**3 + 3*d**2 - 3*d + 1. Let k(p) = -3*c(p) + 2*h(p). What is the tens digit of k(-1)?
5
Suppose -28*y - 20 = -32*y. Suppose 0 = -5*m + 10, 2*l = l - y*m + 183. What is the units digit of l?
3
Let j be ((-2 + 0)*-9)/(-1). Let s be (-83)/(-5) + j/30. What is the units digit of 2/(-8) + 132/s?
8
Let r(y) = y**3 + 2*y - 1. Let m be r(1). Suppose -m*c - g = -3, -4*c = -2*g - 9 - 1. Suppose x - 3 = -c*x. What is the units digit of x?
1
Let z(a) = -5*a - 14 - 21 + 10*a + 2*a. What is the units digit of z(13)?
6
Let v(z) = 19*z + 3. Let c be v(-2). Let h = c + 19. What is the units digit of 2/3*(-312)/h?
3
Suppose -5*u - 19 = -2*j, u = -3*j - 2*u - 3. Suppose 0 = -2*y + j*f - 2, 0 = -y + 5*f + 6 + 1. What is the tens digit of (5/y)/(5/(-45))?
1
Let f(m) = -m**2 - 3*m + 317. Let z be f(0). Let n = -200 + z. What is the units digit of n?
7
Suppose -4*z = 2*r - 554, 5*z - 389 = r + 307. Suppose 4*n - 26 = 3*j - z, -5*n - 152 = -4*j. What is the tens digit of j?
4
Let p = -23 - -25. Suppose -4*t - 5*f - 9 = 0, -p*t - 2*f + 0 = 2. Suppose 20 = -t*l, 0*u - 5*u = 4*l - 5. What is the units digit of u?
5
What is the units digit of 108/(-198) + (-4214)/(-22)?
1
Suppose 0 = -k + s + 733 + 579, -1312 = -k - 2*s. What is the tens digit of k?
1
Let z(a) = 64*a + 16. What is the tens digit of z(6)?
0
Suppose -2*k + 5*m + 207 = 0, 5*k + 4*m = k + 372. Suppose 2*o - 4*j = -2*j + k, j - 202 = -4*o. What is the tens digit of o?
5
Let g = 83 + -136. Let n = g + 188. What is the hundreds digit of n?
1
Suppose 14*u = 19*u - 310. What is the units digit of u?
2
Suppose -118*c + 114*c + 12564 = 0. What is the units digit of c?
1
Suppose 0 = -9*t + 192 + 645. What is the tens digit of t?
9
Let w = 4 - 3. Suppose 2*b - w = -7, -s - 4*b + 238 = 0. What is the units digit of s?
0
Let r(c) = -c**3 - 8*c**2 - c + 10. Let z be r(-8). Suppose -l - z = -4*l. Suppose 4 = -4*g + s + 18, -3*s - l = -3*g. What is the units digit of g?
4
Suppose 7*f - 4*f = -4*f. Let u be -5*(0 - 28/(-10)). What is the units digit of u/(f - (-4)/(-8))?
8
Suppose -3467 = -21*l - 968. What is the hundreds digit of l?
1
Let m = 327 - 222. Let d = m + 11. What is the hundreds digit of d?
1
Let g(q) be the first derivative of 11*q**2 + 14*q + 20. What is the units digit of g(7)?
8
Suppose -2*y - 5*w + 2*w = 545, 3*y + 2*w + 810 = 0. Let b = -182 - y. What is the tens digit of b?
8
Let n be (-1 + -9)/(-16 - -14). Suppose -3*o - n = 2*o, 0 = -a - 3*o + 5. Suppose 0 = -2*h + 68 - a. What is the tens digit of h?
3
Let z(i) = 2*i**2 - 4*i + 10. Let u be z(5). Suppose -t + u = -12. What is the units digit of t?
2
What is the hundreds digit of ((-18)/(-27))/(1688/(-1692) + 1)?
2
What is the units digit of (171/(-108)*-3)/(1/24)?
4
Suppose 2*i - 730 = -0*i. What is the tens digit of i?
6
Suppose 3*s - 3789 = 2*y, 3*s - 8*y - 3792 = -7*y. What is the thousands digit of s?
1
Let v be 2/((-20)/(-6) + -2 + -2). What is the hundreds digit of (v - -1)/1 + 105?
1
Let y(h) be the first derivative of 2*h**3/3 + 4*h + 15. What is the units digit of y(-3)?
2
Suppose -4*g - 1184 - 336 = -5*x, 0 = 5*x - g - 1505. What is the hundreds digit of x?
3
Suppose 5*m = 6 + 4. Suppose 27 = 3*c - m*c. What is the units digit of c?
7
What is the tens digit of ((-2565)/(-6))/((150/(-36))/(-25))?
6
Let m be (-515)/30*2*6. Let q = m - -319. What is the hundreds digit of q?
1
Suppose 0 = -3*p + p + 4*q + 946, 5*p + 4*q - 2407 = 0. What is the hundreds digit of p?
4
Suppose -3*f - 63 - 3 = 0. Let s = f - -27. Suppose 5*z + 3*w - 258 = s*w, -2*z + 2*w = -108. What is the tens digit of z?
5
Suppose i - 4225 = -z, 7*i - 9*i = 4. What is the hundreds digit of z?
2
Let a be (-272)/(-3) + 4/(-6). Let g be (-20)/a - (-403)/(-9). Let i = 73 + g. What is the tens digit of i?
2
Suppose -86 = -2*y + 28. Suppose 133 = -4*q - 7. Let g = q + y. What is the units digit of g?
2
Let y(x) = x**3 - 24*x**2 - 15*x - 68. What is the hundreds digit of y(26)?
8
Suppose 0 = q + 16*a - 14*a - 945, 0 = 5*a + 25. What is the hundreds digit of q?
9
Let h(w) = w**3 - 2*w**2 + 13. Let t be h(6). Suppose 5*f - 18 - t = 0. What is the tens digit of f?
3
What is the tens digit of (-2148)/(-2) - (65 - 72)?
8
Suppose b = -10 + 20. What is the units digit of b + 2 + (3 - 9)?
6
Suppose -2*u + 4*i + 42 = 5*i, -5*i - 18 = -2*u. Suppose -u = -3*q + 4*o, 3*q - 13 = q + 3*o. Suppose 84 = -y + q*y. What is the units digit of y?
1
Let b(f) = -2*f + 4. Let w be b(4). Let i be 2 - 0/w - -1. Suppose 4*q - d - 17 = 3*q, 0 = 4*q - i*d - 73. What is the units digit of q?
2
Let n(x) = x + 25. Let r(t) = -t. Let j be r(1). Let k be (j - -1)*(-2)/(-4). What is the tens digit of n(k)?
2
Let s = 2527 + -947. What is the hundreds digit of s?
5
Suppose 4603 = 4*z - 1481. What is the hundreds digit of z?
5
Suppose 5*s - p - 3388 = 0, -3 = p - 5. What is the hundreds digit of s?
6
Let o = -174 - -1345. What is the units digit of o?
1
Let a(r) = 30*r**3 + 2*r**2 - 5*r - 3. Let z(w) = -w**2 + w + 1. Let m(h) = -a(h) - 3*z(h). What is the units digit of m(-1)?
9
Let o(d) = 69*d**2 - d. Let q = 7 + -8. Let k be o(q). Let b = -34 + k. What is the tens digit of b?
3
Suppose -4*q + 3276 = r, 18*r - 1638 = -2*q + 16*r. What is the tens digit of q?
1
Let i = 7 + -4. Let z(k) = 5*k + 5. Let d be z(0). Suppose 2*n = d*c + 61, -8*n - 3*c = -i*n - 137. What is the tens digit of n?
2
Suppose w + 123 = -3*a - 2*w, 4*w + 128 = -3*a. What is the tens digit of (199/3 - -1)*(-54)/a?
0
Suppose 2*l = 0, 3*z - 20*l - 13104 = -16*l. What is the thousands digit of z?
4
Let g = -16 - -23. Let l be (4/(-30)*9)/((-2)/5). Suppose l*v = 4*v - g. What is the units digit of v?
7
Let o = 14 + 14. Suppose -o*m + 32*m - 408 = 0. What is the units digit of m?
2
Let f be 2275/(-39) + 2/(-3) + 1. What is the units digit of f*(-1 - (0 + -2 + 3))?
6
Suppose 49 + 215 = 11*j. What is the tens digit of j?
2
Let c(t) = t**2 - 2*t - 7. Let k be c(3). Let p(i) = -22*i - 9. What is the tens digit of p(k)?
7
Let u = 21 - -10. Let a = -1 + u. What is the units digit of a?
0
Let d = 21 - 18. Suppose 3*i - 129 = -5*p + 6, d*p = 4*i - 209. Suppose -4*h + 5*x = -209, -4*x - i - 16 = -h. What is the tens digit of h?
4
Let b(q) = -7*q + 7. What is the units digit of b(-4)?
5
Suppose 4*b - 2*m - 124 = -6*m, -5*m = 4*b - 122. Suppose 0 = 31*l - b*l + 44. What is the tens digit of l?
2
Suppose -5*p + 5 = -j - 6, 18 = 2*p + 3*j. What is the units digit of (-1762)/(-20) - p/30?
8
Suppose -11*j + 38142 = 28*j. What is the hundreds digit of j?
9
Let o(y) = 3*y + 26. Let k be o(0). Suppose 6*c - k = 8*c. Let j(f) = -f**2 - 16*f + 2. What is the units digit of j(c)?
1
Let o = -1423 - -6684. What is the tens d